e?
True
Is 13110947 a prime number?
False
Is 116555713 a prime number?
True
Is 3108629 prime?
False
Is 14971 a prime number?
False
Is 13281427 a composite number?
False
Is 13802849 a prime number?
True
Is 5040127 composite?
False
Is 407087 a composite number?
True
Is 5906931 a composite number?
True
Is 3491713 prime?
False
Is 17257139 a composite number?
False
Is 309 a composite number?
True
Is 643208221 composite?
True
Is 88870933 prime?
False
Is 21296323 a composite number?
False
Is 73273 composite?
True
Is 240639614 composite?
True
Is 4329379 a prime number?
True
Is 40181809 composite?
True
Is 93314971 a prime number?
True
Is 10916813 prime?
False
Is 1643347 composite?
False
Is 10793 a prime number?
False
Is 1472969 composite?
True
Is 40044527 a prime number?
True
Is 65254733 a prime number?
True
Is 37407079 composite?
True
Is 170212921 prime?
False
Is 212183 composite?
False
Is 10956823 a composite number?
True
Is 35098793 a prime number?
False
Is 41297381 a composite number?
False
Is 5918501 prime?
True
Is 115932022 a composite number?
True
Is 112089113 a prime number?
False
Is 218377333 a prime number?
True
Is 2012759 a prime number?
False
Is 14796263 a prime number?
False
Is 2223569 a composite number?
True
Is 35614147 a composite number?
True
Is 4291234 prime?
False
Is 175773119 prime?
False
Is 133919 a prime number?
True
Is 1310237 prime?
False
Is 14762141 a composite number?
False
Is 84166309 composite?
False
Is 1226129 composite?
True
Is 44806915 a prime number?
False
Is 40832107 prime?
False
Is 5417779 composite?
True
Is 691097 prime?
False
Is 1678621 a composite number?
True
Is 32411759 a prime number?
True
Is 28401469 prime?
False
Is 53280989 a prime number?
True
Is 1591493 a composite number?
True
Is 1065089 a prime number?
True
Is 30428417 a prime number?
True
Is 421364347 prime?
False
Is 1279291 a prime number?
False
Is 75846409 a prime number?
True
Is 377308045 composite?
True
Is 69468603 prime?
False
Is 27533186 a prime number?
False
Is 14655833 a composite number?
False
Is 41064455 composite?
True
Is 876457 a composite number?
True
Is 4410047 a prime number?
True
Is 29168599 composite?
False
Is 3777623 composite?
False
Is 1404494513 prime?
True
Is 7503227 a composite number?
False
Is 9056953 a composite number?
False
Is 159212791 prime?
False
Is 21908827 composite?
False
Is 34807342 prime?
False
Is 4502153 a prime number?
False
Is 1178351 a prime number?
False
Is 266361091 composite?
True
Is 21570257 prime?
False
Is 28856273 prime?
True
Is 414388595 composite?
True
Is 514933 a composite number?
False
Is 10315727 composite?
True
Is 79030491 prime?
False
Is 3391121 a prime number?
False
Is 15915903 prime?
False
Is 12399589 prime?
False
Is 4709933 a prime number?
False
Is 77168279 a prime number?
False
Is 20881841 prime?
False
Is 186831895 a prime number?
False
Is 30272234 a prime number?
False
Is 455652761 a prime number?
True
Is 119602943 a composite number?
True
Is 13427303 prime?
False
Is 34968343 a prime number?
True
Is 123027271 a prime number?
False
Is 18397 prime?
True
Is 36956851 composite?
False
Is 57176039 a prime number?
True
Is 39181501 a composite number?
True
Is 102533 composite?
False
Is 6581199 composite?
True
Is 9273731 a prime number?
False
Is 25590137 prime?
False
Is 22561967 composite?
True
Is 2201351 prime?
False
Is 37231693 prime?
True
Is 547453 a composite number?
False
Is 15487151 composite?
False
Is 26522231 a composite number?
True
Is 40295021 a prime number?
False
Is 16013 composite?
True
Is 3271459 a composite number?
False
Is 6121759 a composite number?
True
Is 244687057 composite?
True
Is 7029595 a prime number?
False
Is 41299831 prime?
False
Is 7144691 a prime number?
True
Is 299234543 prime?
False
Is 1564706347 prime?
True
Is 307787 a prime number?
False
Is 37208399 prime?
True
Is 1472309 composite?
True
Is 3323677 a composite number?
True
Is 177207 a composite number?
True
Is 134398489 a composite number?
False
Is 28240391 prime?
True
Is 1404833 prime?
True
Is 100847 a prime number?
True
Is 12179989 a prime number?
True
Is 315349 prime?
True
Is 168372829 a composite number?
True
Is 30240335 a composite number?
True
Is 5343719 prime?
False
Is 480852643 prime?
True
Is 10739611 prime?
True
Is 66724397 prime?
True
Is 5101039 a composite number?
True
Is 18281089 a composite number?
False
Is 5379113 a prime number?
True
Is 637067 prime?
True
Is 761155 composite?
True
Is 851033 prime?
True
Is 40730947 a composite number?
True
Is 9120073 a composite number?
False
Is 5296063 a composite number?
False
Is 34823029 prime?
False
Is 119018407 a composite number?
True
Is 5464861 a prime number?
True
Is 2771869 a composite number?
True
Is 2518139 a prime number?
False
Is 75621773 prime?
False
Is 5541577 a composite number?
False
Is 391549 composite?
True
Is 1946533 a prime number?
False
Is 358361423 a composite number?
True
Is 9723247 a composite number?
True
Is 7019849 a composite number?
False
Is 169883461 a composite number?
True
Is 6087109 prime?
False
Is 2486567 a composite number?
False
Is 234508717 a prime number?
False
Is 899423 a prime number?
False
Is 252642347 a prime number?
True
Is 5400898 composite?
True
Is 64787659 composite?
False
Is 63690853 a prime number?
True
Is 188069249 prime?
False
Is 5620129 composite?
True
Is 336901793 prime?
True
Is 544667917 composite?
False
Is 784789 a composite number?
False
Is 5091358 composite?
True
Is 181695767 prime?
False
Is 408456817 prime?
True
Is 3743203 a prime number?
True
Is 767253617 a composite number?
True
Is 21149537 prime?
False
Is 666959 a prime number?
True
Is 190144687 a composite number?
False
Is 7421149 composite?
True
Is 25916929 composite?
True
Is 27561 prime?
False
Is 8740997 a composite number?
True
Is 5761697 a prime number?
False
Is 25702773 a composite number?
True
Is 52347719 prime?
True
Is 49729 a composite number?
True
Is 494084791 prime?
False
Is 25119845 a composite number?
True
Is 5506679 composite?
False
Is 8135573 a composite number?
True
Is 103843387 a composite number?
True
Is 13674293 composite?
False
Is 2008763 composite?
False
Is 134790613 a prime number?
False
Is 5829529 a composite number?
False
Is 18179849 a prime number?
False
Is 39547397 prime?
False
Is 45055849 prime?
False
Is 76414937 a prime number?
True
Is 69939599 a composite number?
True
Is 4438477 a prime number?
False
Is 41501869 prime?
True
Is 16522327 composite?
False
Is 2773759 a prime number?
True
Is 2076539 composite?
False
Is 18131479 prime?
True
Is 33368351 composite?
True
Is 16904501 a composite number?
True
Is 21629393 a prime number?
True
Is 97976467 prime?
False
Is 4230827 composite?
True
Is 28839401 composite?
True
Is 25007707 a prime number?
True
Is 200132141 composite?
True
Is 192119 a prime number?
False
Is 66839297 a composite number?
True
Is 17319611 a composite number?
True
Is 149093801 prime?
True
Is 213788929 composite?
False
Is 74652211 a prime number?
False
Is 2104933 a composite number?
False
Is 17223269 a composite number?
True
Is 115443947 a prime number?
False
Is 1256681 a composite number?
False
Is 5432579 prime?
True
Is 247223 composite?
False
Is 4734011 prime?
False
Is 1696281 a composite number?
True
Is 72022157 a composite number?
False
Is 17749891 a prime number?
False
Is 3416191 prime?
True
Is 33082669 prime?
True
Is 13124717 composite?
False
Is 17535983 prime?
True
Is 6058771 prime?
False
Is 380041 a composite number?
False
Is 36153629 prime?
True
Is 7527329 a composite number?
False
Is 204251 a prime number?
True
Is 18429 a prime number?
False
Is 14613043 prime?
True
Is 41218967 prime?
False
Is 99523717 a prime number?
True
Is 76488157 a composite number?
True
Is 11611001 prime?
True
Is 32702673 prime?
False
Is 68686141 a composite number?
True
Is 29620271 a composite number?
False
Is 10343917 a prime number?
False
Is 13122671 prime?
True
Is 257785751 a composite number?
True
Is 213199367 composite?
False
Is 463054139 a composite number?
False
Is 1492781 a composite number?
True
Is 916513 a composite number?
True
Is 4014497 a prime number?
True
Is 11929913 a composite number?
False
Is 210629891 a composite number?
False
Is 66767153 composite?
True
Is 84256349 prime?
True
Is 749863 a composite number?
False
Is 356351 a com